rue
Is 21 a factor of 1053?
False
Is 7 a factor of 342?
False
Is 62 a factor of 8060?
True
Does 48 divide 12480?
True
Is 2882 a multiple of 26?
False
Is 35786 a multiple of 58?
True
Does 19 divide 674?
False
Is 133 a factor of 1497?
False
Does 13 divide 23622?
False
Does 17 divide 136?
True
Is 5 a factor of 16154?
False
Is 15 a factor of 152?
False
Does 168 divide 25580?
False
Does 13 divide 43848?
False
Is 16500 a multiple of 55?
True
Does 140 divide 30380?
True
Is 5 a factor of 1692?
False
Does 2 divide 389?
False
Is 1442 a multiple of 44?
False
Does 155 divide 5115?
True
Is 13 a factor of 1666?
False
Is 6146 a multiple of 16?
False
Does 36 divide 900?
True
Does 12 divide 27312?
True
Is 4420 a multiple of 17?
True
Does 11 divide 3106?
False
Is 56 a factor of 5656?
True
Is 352 a multiple of 22?
True
Is 180 a multiple of 18?
True
Is 1144 a multiple of 8?
True
Is 12 a factor of 8568?
True
Does 10 divide 2067?
False
Is 9999 a multiple of 16?
False
Is 89 a multiple of 8?
False
Is 60 a factor of 1281?
False
Is 1871 a multiple of 109?
False
Does 9 divide 1185?
False
Does 49 divide 392?
True
Is 223 a factor of 67209?
False
Does 118 divide 1764?
False
Does 23 divide 3887?
True
Does 133 divide 37237?
False
Is 59 a factor of 590?
True
Is 328 a multiple of 82?
True
Is 1160 a multiple of 20?
True
Is 66 a factor of 1151?
False
Is 89370 a multiple of 241?
False
Is 62 a multiple of 23?
False
Is 377 a factor of 56550?
True
Is 1482 a multiple of 29?
False
Is 7300 a multiple of 166?
False
Is 10172 a multiple of 38?
False
Is 101 a factor of 6666?
True
Is 31 a factor of 6386?
True
Is 40 a factor of 2524?
False
Is 6 a factor of 3162?
True
Is 570 a multiple of 25?
False
Does 10 divide 11780?
True
Does 13 divide 2086?
False
Is 3394 a multiple of 2?
True
Is 540 a multiple of 36?
True
Does 15 divide 2211?
False
Is 196 a factor of 34872?
False
Is 2074 a multiple of 8?
False
Does 4 divide 2058?
False
Does 9 divide 976?
False
Is 36 a factor of 288?
True
Is 3432 a multiple of 13?
True
Is 68 a factor of 10123?
False
Does 61 divide 48312?
True
Is 98 a factor of 22128?
False
Is 490 a multiple of 23?
False
Does 2 divide 16?
True
Is 10 a factor of 1570?
True
Is 8 a factor of 204?
False
Is 1023 a multiple of 11?
True
Is 822 a multiple of 3?
True
Is 17 a factor of 33084?
False
Is 102 a factor of 661?
False
Is 5 a factor of 860?
True
Does 11 divide 503?
False
Does 8 divide 9847?
False
Is 4986 a multiple of 9?
True
Does 312 divide 18720?
True
Is 12264 a multiple of 21?
True
Is 1169 even?
False
Is 241 a factor of 46426?
False
Is 14 a factor of 24212?
False
Is 2371 a multiple of 9?
False
Does 17 divide 77?
False
Is 17 a factor of 3485?
True
Does 105 divide 5571?
False
Is 38 a factor of 1178?
True
Does 62 divide 3410?
True
Does 78 divide 390?
True
Does 13 divide 1358?
False
Does 57 divide 3534?
True
Is 76 a factor of 23081?
False
Does 23 divide 6348?
True
Does 23 divide 3473?
True
Is 9 a factor of 171?
True
Is 9672 a multiple of 36?
False
Is 1212 a multiple of 28?
False
Does 7 divide 4335?
False
Is 9 a factor of 17752?
False
Is 4848 a multiple of 9?
False
Does 142 divide 12354?
True
Is 2880 a multiple of 36?
True
Does 22 divide 51634?
True
Does 31 divide 2356?
True
Is 2790 a multiple of 9?
True
Is 997 a multiple of 19?
False
Is 2238 a multiple of 84?
False
Does 4 divide 308?
True
Is 38 a factor of 152?
True
Does 40 divide 27743?
False
Is 10 a multiple of 2?
True
Is 19 a factor of 123?
False
Is 894 a multiple of 93?
False
Does 142 divide 16188?
True
Does 26 divide 65820?
False
Is 24 a factor of 3629?
False
Is 83 a factor of 34571?
False
Does 57 divide 18762?
False
Is 5 a factor of 162?
False
Is 65 a factor of 5850?
True
Is 10 a factor of 69420?
True
Is 12 a factor of 720?
True
Does 31 divide 60471?
False
Is 2072 a multiple of 8?
True
Does 2 divide 441?
False
Is 1392 a multiple of 11?
False
Is 1124 a multiple of 67?
False
Is 1134 a multiple of 21?
True
Does 18 divide 78462?
True
Is 20 a factor of 4960?
True
Is 576 a multiple of 3?
True
Is 173 a factor of 33104?
False
Does 16 divide 2544?
True
Is 33 a factor of 1708?
False
Does 67 divide 8338?
False
Is 18 a multiple of 5?
False
Does 7 divide 31288?
False
Is 144 a factor of 23472?
True
Does 8 divide 8574?
False
Does 5 divide 109?
False
Is 6 a factor of 242?
False
Is 2146 a multiple of 29?
True
Does 102 divide 19360?
False
Does 119 divide 2142?
True
Does 31 divide 713?
True
Is 16 a factor of 160?
True
Is 25810 a multiple of 290?
True
Is 24 a factor of 336?
True
Is 85 a factor of 17073?
False
Is 65 a factor of 7553?
False
Is 2640 a multiple of 11?
True
Is 7 a factor of 69466?
False
Is 10553 a multiple of 31?
False
Is 13 a factor of 1716?
True
Is 9 a factor of 1016?
False
Is 37 a factor of 43475?
True
Is 53378 a multiple of 26?
True
Is 11 a factor of 22272?
False
Does 15 divide 2999?
False
Does 42 divide 840?
True
Is 7 a factor of 2772?
True
Is 20 a factor of 665?
False
Is 38 a factor of 4712?
True
Is 9650 a multiple of 24?
False
Is 17 a factor of 187?
True
Is 2688 a multiple of 128?
True
Does 4 divide 1131?
False
Is 111969 a multiple of 27?
True
Does 19 divide 670?
False
Does 18 divide 1954?
False
Is 100 a factor of 1400?
True
Is 45606 a multiple of 16?
False
Is 105952 a multiple of 56?
True
Is 412 a multiple of 2?
True
Does 70 divide 1190?
True
Is 10 a factor of 205?
False
Is 2069 a multiple of 30?
False
Is 98 a factor of 9566?
False
Is 9 a factor of 288?
True
Does 21 divide 714?
True
Does 17 divide 36550?
True
Is 22 a factor of 704?
True
Is 8844 a multiple of 6?
True
Is 345 a multiple of 10?
False
Is 155 a factor of 13020?
True
Is 204 a multiple of 51?
True
Is 697 even?
False
Is 61 a factor of 462?
False
Does 37 divide 429?
False
Does 230 divide 59340?
True
Does 18 divide 31878?
True
Is 72 a factor of 18936?
True
Is 5162 a multiple of 29?
True
Is 407 a multiple of 11?
True
Is 608 a multiple of 32?
True
Is 5 a factor of 110?
True
Does 13 divide 299?
True
Is 58 a factor of 348?
True
Is 18 a factor of 125967?
False
Does 31 divide 5704?
True
Does 13 divide 14881?
False
Is 496 a multiple of 4?
True
Is 8 a factor of 987?
False
Is 3416 a multiple of 7?
True
Is 51 a factor of 3978?
True
Is 3269 a multiple of 14?
False
Does 103 divide 12154?
True
Does 90 divide 5075?
False
Is 1305 a multiple of 105?
False
Is 5701 a multiple of 33?
False
Is 4 a factor of 402?
False
Is 600 a multiple of 60?
True
Is 14 a factor of 4060?
True
Does 3 divide 297?
True
Is 110 even?
True
Is 220 a factor of 73480?
True
Is 59 a factor of 45047?
False
Does 38 divide 11044?
False
Is 324 a multiple of 36?
True
Is 128 a multiple of 8?
True
Does 261 divide 20205?
False
Is 15 a factor of 806?
False
Is 800 a multiple of 25?
True
Does 13 divide 877?
False
Is 1804 a multiple of 11?
True
Is 21 a factor of 6175?
False
Does 26 divide 2860?
True
Is 6336 a multiple of 8?
True
Is 3766 a multiple of 14?
True
Does 16 divide 1312?
True
Is 72 a factor of 434?
False
Is 38 a factor of 7068?
True
Is 6670 a multiple of 16?
False
Is 157 a factor of 7049?
False
Does 29 divide 5008?
False
Is 1352 a multiple of 9?
False
Is 2 a factor of 14377?
False
Does 6 divide 22276?
False
Does 124 divide 58052?
False
Is 5460 a multiple of 84?
True
Does 21 divide 9240?
True
Does 5 divide 168?
False
Is 83 a factor of 5810?
True
Is 33 a factor of 396?
True
Is 84463 a multiple of 300?
False
Is 4081 a multiple of 11?
True
Is 18 a factor of 14508?
True
Is 64 a factor of 14895?
False
Is 1960 a multiple of 49?
True
Does 6 divide 106?
False
Does 20 divide 11020?
True
Does 153 divide 13617?
True
Is 4405 a multiple of 5?
True
Is 330 a multiple of 22?
True
Does 78 divide 1785?
False
Is 29 a factor of 28043?
True
Is 5 a factor of 145?
True
Is 10 a factor of 76564?
False
Is 2 a factor of 105?
False
Is 4 a factor of 9?
False
Does 23 divide 1334?
True
Does 26 divide 1666?
False
Does 3 divide 55?
False
Does 318 divide 51064?
False
Is 2 a factor of 77?
False
Is 62 a factor of 116064?
True
Is 55 a multiple of 55?
True
Is 10 a factor of 850?
True
Is 336 a multiple of 32?
False
Is 66756 a multiple of 12?
True
Is 163351 a multiple of 354?
False
Does 13 divide 4920?
False
Is 688 a multiple of 16?
True
Does 105 divide 5355?
True
Is 9 a factor of 1602?
True
Is 32120 a multiple of 220?
True
Is 57 a factor of 2451?
True
Does 16 divi